the highest common divisor of 130 and q?
10
Let i be (-35)/(-4) - (-55)/220. Calculate the greatest common factor of i and 81.
9
Let p(c) = c + 9. Let s be p(-6). Suppose -2*q + 234 = 2*m - 5*q, 3*q = s*m - 354. Calculate the highest common factor of 20 and m.
20
Let c(z) = -z**3 - 2*z**2 - z - 5. Let a be c(-4). Suppose -2*u + a + 13 = 0. What is the highest common factor of 242 and u?
22
Suppose 3*j + 98 + 109 = 0. Let k = 101 + j. Let q = k + -20. Calculate the highest common divisor of q and 84.
12
Suppose -10*k + 257 = -133. What is the highest common divisor of k and 1196?
13
Suppose 0*c - 448 = -8*c. Calculate the greatest common divisor of c and 8.
8
Let p be 33 + (0 - 1 - 0). Suppose 80*q = 75*q + 5. Let w be q + 0 + (20 - 17). Calculate the greatest common divisor of w and p.
4
Let h(u) = u**3 - 3*u**2 + 3*u - 1. Let l be h(2). Suppose -4*g + g = s - l, 0 = -5*s - 10. Let n = g + 14. Calculate the highest common factor of 165 and n.
15
Let u = 26 + -28. Let l be (u - 1)*(-60)/18. Suppose 0 = 3*k + 4*i - l, 2*i = -4*k + 4*i + 28. Calculate the highest common divisor of k and 30.
6
Let w(i) = -210*i - 82. Let m be w(-2). Calculate the highest common divisor of m and 52.
26
Suppose -103*r + 30 = -100*r. Calculate the greatest common factor of 670 and r.
10
Let x be (-2)/(-5) - (-7)/(-5). Let h be 14 - -2*(2 + x). Let z(l) = l**3 + 5*l**2 - 5*l + 8. Let a be z(-6). What is the highest common factor of a and h?
2
Let q = 60 - -7. Suppose -5*z - 2*y + q = 0, -63 = z - 6*z + 2*y. Let s be (1*-11)/(2/(-26)). Calculate the greatest common factor of z and s.
13
Let h be (9 - 39)*(-1)/(-3)*-22. Calculate the highest common factor of h and 30.
10
Suppose -2*u - 3 = -3*u. Let b(l) = 16 + 16*l - l**2 - 29*l - 49. Let r be b(-6). Calculate the greatest common divisor of r and u.
3
Suppose 705 + 4031 = 16*k. What is the greatest common divisor of 185 and k?
37
Suppose -18*a + 99 = -15*a. Let z = a + -6. Let c be ((-21)/(-14))/((-2)/(-4)). What is the highest common divisor of z and c?
3
Let s(t) = -2 - 1 - 334*t**2 + 333*t**2 - 11*t. Let y be s(-10). Let a = -42 - -70. What is the highest common divisor of a and y?
7
Let s be 28/(-14)*5/(-2) + 3. Calculate the highest common divisor of s and 8.
8
Suppose 108 = -3*l + 5*i, -l + 2*l + 5*i = -16. Let c = l - -101. Calculate the greatest common factor of 14 and c.
14
Let z = -252 - -274. Let x be 0*(-2)/(-4) - -55. Let p be 3070/x + 4/z. What is the greatest common divisor of p and 14?
14
Suppose 25*c - 9593 = 307. What is the highest common divisor of c and 462?
66
Let u = -1126 - -1187. Calculate the highest common factor of u and 976.
61
Suppose -5*v - 5*r + 445 = 0, -2*r = 3*v - 6*v + 242. Calculate the highest common factor of 210 and v.
42
Let g be 2 + (-2 - -5) + 215. Suppose 0 = -22*c + 17*c + g. Calculate the greatest common divisor of c and 484.
44
Suppose 5*m - 5*o = -20, 0*m - 3*o = -5*m - 14. Let s be 1620/40 + m/2. What is the greatest common divisor of s and 10?
10
Let i be (-3 - -7) + -1 - 1. Suppose 0 = -z - 0*z + 14. Calculate the greatest common divisor of z and i.
2
Let p = 1546 - -501. What is the highest common factor of p and 89?
89
Let o be (-19)/(-76) - 647/(-4). What is the greatest common factor of o and 378?
54
Suppose -5*h - 4*k + 133 - 38 = 0, 2*h - 3*k = 15. Suppose 4*p - 119 + 11 = 0. Let i be 25/1*p/15. Calculate the greatest common divisor of h and i.
15
Let m = -13 - -26. Suppose -u + 4*k = -52, 2*u = 3*u + 2*k - 46. Let s be ((-117)/4)/((-12)/u). Calculate the greatest common factor of s and m.
13
Suppose -72*v = -69*v - 567. What is the greatest common divisor of 21 and v?
21
Let u(m) = -m**3 + 12*m**2 - 11*m + 2. Let s be u(11). Suppose 4*z - 40 = -4*g, 25 = s*g + g + 2*z. What is the greatest common factor of g and 10?
5
Suppose -88 = 6*w - 220. What is the greatest common factor of w and 66?
22
Suppose -600 = 4*l - l - 3*r, 5*l + 976 = -r. Let b be 21/(-12) + 2 - (-1399)/4. Let q = b + l. Calculate the highest common factor of 22 and q.
22
Suppose 0*f + 3*f = 12. Let l(k) = 10*k + 73. Let m be l(-7). Suppose -76 = -5*r - m*g - 29, -4*g - 4 = 0. Calculate the greatest common divisor of r and f.
2
Let n = -16 - -9. Let z be (0 - n) + -2 + 0. Suppose 4*u + 0*v = -v + 23, 2*u - 19 = -3*v. What is the highest common factor of u and z?
5
Let i be ((-4)/14)/((-294)/11319). Let h(a) = -21*a**3 + a**2 - a + 2. Let s be h(-2). Calculate the greatest common divisor of i and s.
11
Suppose -2*i + 3*j = -2*j - 159, 129 = 2*i + 5*j. Suppose -i = -40*f + 37*f. Calculate the highest common divisor of f and 6.
6
Let t(v) = -v**2 + 20*v + 25. Let p be t(12). Let o = -113 + p. What is the greatest common divisor of o and 56?
8
Let m(p) = -p - 4 + 9 - 5. Let x be m(-16). Calculate the highest common factor of 8 and x.
8
Suppose 3*m = -2*b + 997, 3*b + b = 3*m + 2003. What is the highest common divisor of b and 10?
10
Suppose -f - 4*m = -88, 5*m = f - 10 - 123. Suppose -4*k - 4 = -6*k. Suppose 0 = k*u - 6*u + f. Calculate the greatest common divisor of 3 and u.
3
Suppose -3*p + 14 = -7. Suppose 2*h + p - 25 = 0. Let c = 18 - h. What is the highest common factor of 6 and c?
3
Let v be (-2)/12 + (-278)/(-12). Suppose 4*b - v = -7. Suppose 3*i - 23 = -b*h + 21, -32 = -i + 3*h. Calculate the highest common divisor of i and 50.
10
Let j(y) = -y**3 - 8*y**2 + 16*y - 7. Let p be j(-11). What is the greatest common factor of 420 and p?
60
Let a = -6 + 15. Let x(f) = f**2 - 8*f - 8. Let q be x(a). Let y = q - -3. Calculate the greatest common factor of y and 24.
4
Let z(s) = -24*s. Let k(p) = -p + 21. Let w be k(15). Let h(n) = -n + 5. Let l be h(w). Let a be z(l). What is the greatest common divisor of 8 and a?
8
Let k(b) = -19*b + 41. Let c be k(-7). What is the greatest common factor of c and 6?
6
Let o be 652*2/6 - (-4)/(-3). Calculate the greatest common divisor of o and 24.
24
Let n(s) = 27*s - 3. Let a be n(1). Let h = -518 + 574. Calculate the greatest common divisor of a and h.
8
Suppose 594*o = 601*o - 182. Calculate the highest common divisor of o and 13.
13
Let h(i) = 7*i + i**2 - 2 + 7*i**2 - 7*i**2. Let j be h(-11). What is the highest common factor of 18 and j?
6
Suppose 4*x - 12*x = 7*x. Suppose -6*f + 31 - 1 = x. What is the highest common factor of f and 60?
5
Let n be 20493/132 - 4/16. Calculate the highest common divisor of 62 and n.
31
Let m be (203/14 - 3)*(4 + -2). Calculate the greatest common divisor of 299 and m.
23
Let n(c) = -c**3 + 44*c**2 + 100*c + 105. Let q be n(46). What is the greatest common factor of q and 11?
11
Let o(y) = -y**3 - 5*y**2 - y. Let d be o(-6). Let f be d/4 + 3/6. Let s be 3/(-2) + (-2034)/(-36). Calculate the highest common factor of s and f.
11
Let h be (1 - -23)/((-90)/(-780)). What is the greatest common factor of 8 and h?
8
Suppose -77 - 1 = -3*j. Let z = -4985 - -5011. Calculate the highest common factor of j and z.
26
Suppose r + 0 - 2 = -2*o, -4*r + 8 = -o. Suppose -11*u + 288 + 372 = o. Calculate the highest common divisor of 15 and u.
15
Let q = 7 - -2. Let b be 16 - q/(-6)*-2. Let r = 28 - b. Calculate the greatest common factor of 105 and r.
15
Suppose 200 = 3*d - 4*i, -4*i + 278 = 3*d + 46. Suppose -19*y + 375 = -17*y + 3*f, 0 = -3*y + 2*f + 530. What is the greatest common divisor of d and y?
36
Suppose 2*t - m - 3*m = -44, 3*t = -m - 52. Let d be -3*4*3/t. What is the highest common divisor of 6 and d?
2
Let v(h) = 3*h**2 - 3*h - 3. Let g be v(4). Suppose -2*c = 5 - g. Let a = c - 4. Calculate the highest common factor of a and 110.
10
Let f(w) = -w**3 + 7*w**2 + 3*w - 7. Let q be f(5). Let g be ((-46)/6)/(5/(-15)). Let r = q - g. What is the highest common divisor of r and 5?
5
Let o be 20/35 + (-451)/(-7). Calculate the highest common factor of o and 10.
5
Let b be (9/3)/3 - 1. Suppose 4*z = -a - 23, 4*a + b*z - 4*z = -92. Let d = -17 - a. Calculate the greatest common divisor of d and 30.
6
Let b(h) = -4*h + 48. Let y be b(0). Let w be 48/(-10)*(-24 + 14). Calculate the highest common factor of y and w.
48
Let d(s) be the second derivative of 5*s - 5/6*s**3 + 0 + 1/2*s**2 + 1/20*s**5 + 7/12*s**4. Let t be d(-7). Calculate the highest common divisor of t and 18.
18
Let y be ((-8)/12*-3)/2 - 0. Let z = y - -11. What is the 